pose 0 - 8 = 4*q. Let z = q + 7. Suppose -5*d + 3*f + 82 = 0, d + z*f = -0*d - 6. Calculate the highest common divisor of 14 and d.
14
Let o be (3 - (-9)/(-2))*-2. Suppose -78 = -o*z + 6. Calculate the highest common divisor of z and 70.
14
Let b(u) = u**2 + u - 4. Let z be b(-4). Suppose 3*m - 49 = -5*n + 74, n - m - 23 = 0. What is the greatest common factor of z and n?
8
Let v = -3 - -43. What is the greatest common factor of 60 and v?
20
Let g = 218 - 88. What is the greatest common divisor of g and 52?
26
Let g be (6/(-1))/(0 - 2). What is the highest common divisor of 24 and g?
3
Suppose -2*x - 15 = x, -5*x = 2*v + 35. Let g(k) = k**2 + k. Let s be g(-3). Let q = s + v. Calculate the greatest common divisor of 1 and q.
1
Suppose -z + 6*z = 450. Calculate the greatest common divisor of z and 10.
10
Suppose -6*p + 24 = -9*p. Let s = 12 - p. What is the highest common factor of 20 and s?
20
Suppose 3*s - 30 = -5*w - s, w + 2*s = 6. What is the highest common factor of 4 and w?
2
Let n(r) = -r + 4. Let g be n(4). Let y = 16 + g. Calculate the greatest common divisor of y and 64.
16
Let d = 40 + -18. Let a = -19 + d. What is the greatest common factor of 15 and a?
3
Let t(b) = 115*b**2. Let x be t(-1). Let y = -55 + x. Calculate the highest common divisor of 24 and y.
12
Let h be 0 + -2 + 22 + 1. Let s be h + 2*(-4)/8. Calculate the greatest common factor of s and 140.
20
Suppose 6486 = 24*g + 1806. Calculate the greatest common divisor of g and 78.
39
Let q be ((-4)/(-10))/(((-2)/2)/(-55)). Suppose -2*s - 118 + 580 = 0. Let u = s - 165. Calculate the highest common factor of q and u.
22
Suppose 3*k = 2*z - 119, 0 = 4*z - 4*k - 107 - 121. Suppose 4*d = 4*s - z, 2*s + 3*s + 4*d = 101. What is the highest common factor of s and 153?
17
Let t = 13 - 8. Let v(z) = 12*z + 4. Let x be v(3). What is the highest common factor of x and t?
5
Suppose 60 = 2*f + 4*t, -f - 2*t = -5*t - 20. Calculate the highest common divisor of 130 and f.
26
Let d(f) = -2 + 3*f + 4 + 4*f - 3. Let m be d(2). Let s(b) = b**2 - 14*b + 17. Let y be s(m). Calculate the greatest common factor of y and 28.
4
Suppose 2*v = 11*v - 126. Suppose -5*a - 4*z = 179 - 649, 2*a + z - 191 = 0. Calculate the highest common divisor of v and a.
14
Let o = -4 - -8. Suppose -4*d = -3*u + 150, u - o*d = 6 + 36. Let w = 3 + 3. What is the greatest common divisor of w and u?
6
Suppose 5*k - 61 + 301 = 0. Let s = 114 + k. Calculate the greatest common divisor of s and 11.
11
Let m be (6 + -2 - 5) + 1 + 20. Calculate the highest common factor of 180 and m.
20
Let s be 3920/24*(-6)/(-5). What is the greatest common divisor of s and 28?
28
Let z be 13/3 - 14/(-21). Suppose 0 = z*d + 3 - 23. Suppose -4*y = -20, -479 = -d*b + y + 4*y. What is the greatest common factor of 14 and b?
14
Let b(q) = -q**3 - 2*q**2 + q + 4. Let g be b(-2). What is the highest common factor of 10 and g?
2
Let m(z) = 16*z + 16. Let h be 22/2*7/7. Let f be m(h). Calculate the highest common factor of 24 and f.
24
Let k be 1 + -3 + (-7)/((-28)/512). Calculate the greatest common divisor of 14 and k.
14
Suppose 4*m = 0, 4*t - 3*m - 2*m - 80 = 0. Let r = 20 - 8. Let y = r + -7. What is the greatest common divisor of y and t?
5
Suppose 56 = 3*s - 13. Suppose 2*p - 43 = x, 10 - 137 = -5*p - 4*x. Calculate the highest common divisor of s and p.
23
Suppose 3*b + 0*d = -d + 366, -5*d + 15 = 0. What is the greatest common divisor of 11 and b?
11
Suppose 30 = g + 5*n + 8, -8 = -g + 2*n. Let o be g + 6/(-3 + 5). What is the highest common divisor of o and 30?
15
Let o be (-3 + 1)*(-136)/16 - 2. Suppose 2*w + 27 + 83 = 2*v, -4*v = 5*w - 265. What is the greatest common divisor of v and o?
15
Suppose -4 = -2*k, -3*s + 301 = 7*k - 2*k. Let c be 2 + (s - (1 + -1)). Calculate the greatest common factor of 9 and c.
9
Suppose 0*t + 4 = 2*t, -w + 10 = 2*t. What is the greatest common factor of 9 and w?
3
Let h be (2 - 0) + 0/(-2). Let t(q) be the third derivative of 7*q**4/8 + q**2. Let o be t(h). What is the highest common divisor of 6 and o?
6
Suppose 5*m - 9 = 6, 103 = 4*f + m. What is the greatest common factor of 5 and f?
5
Let b = 3506 - 1960. Let y = 892 - b. Let r be y/(-33) + (-4)/(-22). What is the greatest common factor of 5 and r?
5
Suppose n - 5*t + 16 = 133, 2*n - t = 225. What is the greatest common divisor of 14 and n?
14
Let m(c) = -c**2 + 5*c + 8. Let z be (1/3)/(1/18). Let l be m(z). Calculate the greatest common divisor of 2 and l.
2
Let n be 2*6/(-4) + 47. Calculate the highest common factor of 66 and n.
22
Let v(l) = l**3 - 7*l**2 + l + 23. Let p be v(7). What is the greatest common factor of p and 50?
10
Let m(g) = -g**2 - 9*g + 3. Let j be ((15 + -1)*1)/1. Let t be ((-1)/2)/(1/j). Let a be m(t). Calculate the greatest common divisor of 51 and a.
17
Suppose 0 = 15*b - 18*b + 3. Calculate the greatest common divisor of 1 and b.
1
Let n(d) = 2*d - 9. Let u be n(6). Calculate the highest common factor of 2 and u.
1
Let j = 12 + -13. Let k(z) = 11*z**2 + 1. Let w be k(j). Calculate the greatest common divisor of 18 and w.
6
Let y(n) be the third derivative of -n**6/120 - n**5/12 - n**4/12 + n**3/3 + 4*n**2. Let t be y(-5). Calculate the highest common divisor of 84 and t.
12
Suppose 0 = 6*f - f + 460. Let n = f + 202. Calculate the highest common divisor of 10 and n.
10
Let c(f) = f**3 - 6*f**2 - 4*f - 11. Let x be c(7). Calculate the greatest common factor of 30 and x.
10
Let o = 45 - -10. Let n(c) = 7*c - 3. Let z be n(2). Calculate the highest common divisor of o and z.
11
Let i be (-2)/((-8)/(-12)*-3). Calculate the greatest common factor of i and 2.
1
Let k = 237 + -84. What is the highest common factor of k and 34?
17
Let k = -104 + 219. Calculate the greatest common factor of 23 and k.
23
Let k be 3289/99 - (-4)/(-18). Let g = -12 + k. Let w = -11 + 18. Calculate the highest common factor of w and g.
7
Let u = 17 + -12. Suppose 0 = u*w - 10*w + 50. Calculate the highest common divisor of 50 and w.
10
Let i be (21/12)/((-3)/(-12)). Suppose -i = -2*a + 5. Calculate the greatest common divisor of 15 and a.
3
Let f(o) = 1. Let d(c) = -c**2 - 6*c + 10. Let k(b) = -d(b) + 4*f(b). Let u be k(-7). Calculate the highest common factor of 4 and u.
1
Let p be ((-3)/(-6))/(1/4). Let f(z) = -8*z. Let g be f(-1). Suppose 2*w + g = w - 4*l, -2*w = 2*l - 2. What is the greatest common divisor of p and w?
2
Suppose 3*l - 8 = l. Suppose -l*v - 44 = -148. Let y be (39/6)/((-2)/(-12)). Calculate the greatest common factor of y and v.
13
Suppose -5*q = -5*h - 826 + 201, 4*h - 508 = -4*q. What is the greatest common factor of 14 and q?
14
Suppose -b + 1 = -1. Let y be b/(-4) - 35/(-2). Suppose -2*o + 0*j = 5*j - 34, 51 = 3*o - 5*j. Calculate the greatest common factor of o and y.
17
Let y be (10/15)/((-1)/(-24)). Calculate the highest common factor of y and 32.
16
Suppose 7 = 3*k + 1. Let t(x) = -14*x**2 + 4*x**2 - 3 + 1 - x + 2*x**3 + 11*x**2. Let z be t(k). What is the highest common factor of 16 and z?
16
Let t(y) = 2*y**3 - 7*y**2 - 2*y - 5. Let b(z) = z**3 + z**2 + 1. Let l(h) = -3*b(h) + t(h). Let d be l(-10). What is the highest common divisor of 84 and d?
12
Let x(c) = -47*c - 6. Let f be x(-2). Calculate the highest common factor of f and 11.
11
Suppose 4*g - 30 - 2 = 0. Calculate the greatest common divisor of g and 4.
4
Suppose 5*z = 4*u - 17, 3*u - u = -3*z + 3. Let a(i) = -3*i - 21. Let v be a(-11). Let f be (z - 9)*v/(-5). Calculate the greatest common factor of f and 3.
3
Suppose -8 = -2*t + 50. What is the highest common divisor of t and 58?
29
Suppose 0 = 5*s - 7 - 3. Suppose 5*q = -s + 7, -3*q - 9 = -4*l. Let c be l/12 + 31/4. What is the greatest common divisor of c and 32?
8
Suppose -5*t = 25, 0 = -0*s - 3*s - 2*t + 50. Calculate the highest common divisor of 5 and s.
5
Let c(u) = -u**3 - 9*u**2 - 7*u - 5. Let j be c(-8). Let q = -8 - j. Calculate the greatest common divisor of q and 15.
5
Suppose -2*y = 2*y + 68. Let v = 38 + y. What is the greatest common factor of v and 3?
3
Let n be (-1 - -4)*366/9. Suppose 2*x - 14 + n = 0. Let b = 94 + x. Calculate the greatest common divisor of b and 8.
8
Let o = -14 - -28. Suppose -o = -3*n + n - 5*w, 3*w = -4*n + 28. Calculate the highest common factor of 35 and n.
7
Let q(s